ppose 0 = p*n - 3*n - 121990. Is n a composite number?
True
Let z(n) = 656*n**2 - 2*n - 1. Let q be z(-1). Suppose 4*a = 9*a - 15, -4*v + 2*a = -3946. Let g = v - q. Is g a prime number?
True
Let q be 2520/(-245) - 4/(-14). Is 3788 + (4/(-8)*10 - q) a prime number?
True
Let g(t) = -4*t**2 - t + 1151. Let z(d) = d**3 + 47 - 14 + 17*d**2 - 18 + 31*d. Let s be z(-15). Is g(s) a prime number?
True
Let y(d) = 33*d**2 + 1. Let n be y(-2). Let m(r) = -171*r + 8. Let b be m(-4). Let s = b - n. Is s composite?
True
Let n be (2 + 1)*12/(-9) - 0. Let m(l) = -1692*l - 139. Is m(n) prime?
False
Let g(d) = -4*d - 41. Let w be g(-11). Let s(x) = -7 + 19 + 3 + 87*x**2 - 88*x**2 - x**w - 5*x. Is s(-8) a prime number?
True
Suppose 156*a + 3*g = 155*a + 227423, -5*a - 2*g + 1137037 = 0. Is a a composite number?
True
Let d(h) = 709*h**3 + 33*h**2 - 21*h - 7. Is d(14) a composite number?
True
Let x(r) = -19*r**2 - 2*r - 35. Let g be x(-5). Is (-52542)/(-20) - (-50)/g composite?
True
Let a = 43097 - -53796. Is a a prime number?
True
Let a be 22139 + -3 + -1 + 0 + 0. Let c be (-1)/(3/2)*21195. Let b = c + a. Is b a composite number?
True
Let x(d) = 738*d**2 - 41*d + 577. Is x(28) a composite number?
False
Suppose -p - 51*f + 59723 = -55*f, 3*f = 0. Is p composite?
False
Suppose 23*r = 21*r + 8. Suppose -13*t = -r*t - 45999. Is t prime?
False
Let y = -5049 - -2165. Let k = y + 7505. Is k a composite number?
False
Let q = -74972 + 127581. Is q a composite number?
False
Suppose 2*d + 5 = 3*d. Let p(o) = -101*o**3 + 4*o**2 - 2*o + 8. Let s(n) = 201*n**3 - 8*n**2 + 4*n - 15. Let l(y) = d*p(y) + 3*s(y). Is l(4) a prime number?
True
Is (2/(-6))/((-69)/96669) composite?
False
Let l(u) be the second derivative of -151*u**3/2 + 8*u**2 - 2*u. Is l(-7) a prime number?
True
Let t be (-30114)/10 + 4/10. Suppose -8157 = 9*n + 16292 - 8627. Let k = n - t. Is k composite?
True
Suppose -5*c = 2*c + 5712. Let p = c + 1357. Suppose -2*h + h + p = 0. Is h prime?
True
Suppose 4 = b, 4*b + 19 = 3*g - 25. Suppose 0 = 2*p - g*p + 9036. Is p a composite number?
True
Let m = 106421 + -64718. Is m prime?
False
Let u(t) = 2*t. Let f(z) = -430*z**2 + 15*z - 22. Let k(c) = -f(c) - u(c). Is k(5) prime?
True
Let d be 1831/(-4) + 33/(-132). Let z = d + 1345. Is z a composite number?
False
Let p = 7629 - -2800. Let c = -5510 + p. Is c a composite number?
False
Let n(y) = y**3 + 18*y**2 - 25*y + 2. Let c be n(-19). Suppose c + 5 = z. Suppose 4*o - z = 1507. Is o prime?
False
Suppose 141*q - 137*q = 362436. Is q composite?
True
Let j(x) = -x**2 - 41*x - 141. Let w(r) = -20*r**2 - 96*r + 3. Let d be w(-5). Is j(d) a composite number?
True
Is -2*(-5)/(-20)*-65914 prime?
True
Let l(d) = d**2 - 14*d + 26. Let o be l(12). Let b be (24/(-21) - -2)/(o/2996). Let c = b - 395. Is c prime?
False
Is (-10)/(-40) - (10706638/(-24) + 35/(-42)) composite?
False
Let h be (39/26)/(1/2). Let j be (h + -2)*1 + -2. Is 1099 - (-2 - 2)*-1*j a composite number?
False
Let d(r) = 16*r - 112. Let l be d(7). Suppose -4*v + 10298 = 2*w - l*v, v = 1. Is w composite?
False
Let z(c) = -c**2 + 2. Let r(b) = -2*b**3 + 5*b**2 + 23*b + 15. Let f(h) = r(h) - 3*z(h). Is f(-14) a composite number?
True
Suppose -48*k + 13995061 + 2767830 - 2670715 = 0. Is k a composite number?
True
Let p = -26 + 29. Suppose 300 = 5*m - 5*z, 2*z = p*m + 3*z - 176. Suppose -m = -4*j + 321. Is j a prime number?
False
Suppose 4*b + 0*b - 96 = 0. Let z be 3 - 582/(39/b + -2). Suppose 1 - 5 = -4*p, 3*x + 4*p = z. Is x prime?
False
Let z(l) = -2*l + 8. Let a be z(4). Suppose 84 = 4*h + 4*n, a = -h - 3*n + 32 - 5. Suppose -3*i + h = -48. Is i a composite number?
True
Suppose -4*z = -5*t, -6*t + t = -2*z. Suppose t = 8*v - 3*v - 2600. Suppose -5*p + 75 = -v. Is p composite?
True
Let r(b) = -22880*b + 7069. Is r(-35) prime?
True
Suppose -5*d - 559 + 629 = 0. Suppose -d*u + 12*u = -8426. Is u a composite number?
True
Is (-6)/2 - (-353239 - (-756)/(-28)) a composite number?
False
Suppose 2 = z, -4*v + 4*z = -6*v + 155828. Let p be v/(-8) + 75/100. Is (1 - p/8) + (-6)/(-8) prime?
False
Suppose -5*i = -2*k - 3*k + 210, 0 = 2*k + 3*i - 79. Suppose 59*c - 44*c + 2550 = 0. Let b = k - c. Is b prime?
True
Let h be (-5727)/(-415) - (-1)/5. Let q = 157 + -95. Suppose q = 4*p - h. Is p composite?
False
Let q(o) = -295*o**2 - 13*o - 7. Let g(k) = -147*k**2 - 6*k - 4. Let d(b) = 5*g(b) - 3*q(b). Let a = -281 + 285. Is d(a) a prime number?
True
Let v be 1/3 + (-1088)/(-3). Let o be (-4 - 2/2)*(v + 12). Let z = o + 5122. Is z a composite number?
True
Is ((-1)/2)/((-160)/(-64) + (-94196)/37678) a composite number?
False
Is (-90)/(-210) - (4 - (-1154808)/(-7)) a composite number?
True
Suppose 22*y + 2 = 21*y. Let s be ((-24)/(-80) - y/10)*4. Is 9104/10 + s + 15/25 a prime number?
False
Let m(q) be the second derivative of q**5/10 - q**4 - 5*q**3/6 - 13*q**2/2 + 17*q. Suppose 10*x = 9*x + 10. Is m(x) a composite number?
True
Let v(s) = -61*s + 7. Let d(u) = -61*u + 7. Let c be 2/((6/(-8))/(60/32)). Let w(l) = c*d(l) + 4*v(l). Is w(9) prime?
False
Let a(h) = 11 - 34*h - 4*h**3 + 35*h**2 + 6*h**3 - 43*h**2. Is a(14) prime?
False
Let w = 66692 + 176231. Is w a prime number?
True
Let a(k) = -k**3 + 14*k**2 - 11*k - 11. Let g be a(13). Let z be 57/g + 2/10 + 1494. Suppose 2*d + y - z = 4*y, 4*y = 0. Is d composite?
True
Let u = 2334054 - 1656127. Is u composite?
False
Let o = 2564577 - 652880. Is o composite?
False
Let t(z) = 129*z**2 + 2*z - 1. Suppose -v = 5*c - 222, -5*c + 8*c - 142 = -5*v. Let u = c + -42. Is t(u) a prime number?
False
Is 0 + (17 + (-1463)/76)/(6/(-568952)) a prime number?
False
Suppose -144 = 19*o - 3*o. Let p be (-20)/(-180) + (-62)/o. Is (p - (-22)/(-3))*1*-2913 prime?
True
Suppose 2*q + 18 = 2*k, 3*k + k + q = 31. Is k - 10 - (1466*-1 + -1) a composite number?
True
Let y = -36 + 62. Let t = 61 - y. Is t + 41/13 + (-16)/104 a prime number?
False
Let c(p) be the third derivative of 103*p**4 - 89*p**3/6 + 32*p**2. Is c(8) a composite number?
False
Let v(g) = -144*g**3 - 9*g**2 - 52*g - 21. Is v(-8) prime?
True
Suppose o - 2*m = -0*o + 4, -o + 3*m + 6 = 0. Suppose 2*l = o, l + 4*l = -w + 319. Suppose -5*x = 5*j - 1100, -3*j + 345 + w = -x. Is j a composite number?
True
Let u(n) = 18*n - 131. Let w be u(5). Let f = -4 + 166. Let o = f - w. Is o a prime number?
False
Let o(r) = 971*r**2 - 2*r - 6. Let t be o(-2). Suppose -2*w = -480 - t. Is w a composite number?
True
Let g(t) = -t**3 - 4*t**2 - 3*t + 4. Let a(r) = r**2 - r - 15. Let b be a(4). Let f be g(b). Suppose -3*j - 2*j + 9921 = f*m, 4*j - 7944 = -5*m. Is j prime?
False
Is 2*2317*13168/224 a prime number?
False
Suppose 24*l + 4*a - 53487 = 23*l, a - 160505 = -3*l. Is l composite?
False
Suppose -3*s + 0*s + 7389 = 3*g, 2*s = 6. Suppose m = 3*l - g, 2*m - 720 = -2*l + 928. Is l a prime number?
True
Let c be ((-571)/1)/((-2)/18). Suppose -8*i + 4*i + 32 = 0. Is c/6*i/12 composite?
False
Let f(t) = 5*t**3 - 10*t**2 + 10*t + 2. Let n(m) = -m**3 - m - 1. Let p(o) = -f(o) - 3*n(o). Let l be p(-9). Is l - (3 + -1)/(-2) a prime number?
True
Let s(i) = 11 - 3*i + i + 20 - 5. Let c be s(13). Suppose -5*p + 2*p + 1341 = c. Is p a composite number?
True
Suppose -4*s = 17*s + 1008. Let g = s + 95. Is g prime?
True
Let t(y) = 2 - 2 - 874*y + 592*y - 1. Is t(-10) prime?
True
Suppose -2743 + 8062 = -3*l + 45930. Is l prime?
True
Let z(t) = 68*t**2 + 261*t + 2739. Is z(-94) composite?
False
Suppose -5*n = -4*g + 4351, -3*g + 0*n + 2*n + 3265 = 0. Suppose 7*f - g = 4*f. Suppose 0*a = 3*a - f. Is a prime?
False
Suppose -30*c = -31*c + 2008. Suppose -2*a - 3*m + 35 = 0, 0 = 4*a + m - 70 - 5. Suppose -15*n = -a*n + c. Is n prime?
False
Suppose 0 = -10*y + 44844677 + 5978453. Is y a prime number?
True
Is (-36001 + (-3 - -8))*(477/(-36) - 0) composite?
True
Suppose -143*u + 32271177 = -86*u. Is u prime?
True
Let j(g) = -4*g + 46. Let i be j(11). Let o(h) = 42*h**i - 5 - 2*h + h - 3*h - 17*h**2. Is o(-6) a composite number?
False
Suppose -14 + 2 = 5*i - r, r = 2. Let o be (-18)/4*i/(-6)*-16710. Suppose -10310 = 5*s - o. Is s a prime number?
False
Suppose -14*v + 1341235 = -59367. Is v a composite number?
False
Is (746532 - -18) + 56/16*(-3 + 1) prime?
False
Let q(w) = 33793*w**2 - 4. Is q(-9) composite?
True
Suppose -12*j - 888844 = 